 - 3/q.
29
Suppose -589 = -4*i - 133. Let x = -33 + i. Let v = 144 - x. List the prime factors of v.
3, 7
Suppose 4*c - 2233 = -5*s - 433, -344 = -s - 4*c. What are the prime factors of s?
2, 7, 13
Let y = 273 - -244. List the prime factors of y.
11, 47
List the prime factors of 2 + -1 + ((-403500)/15)/(-5).
5381
Suppose 25 = -5*s, 5 = c - s - 0. Suppose 4*x + o - 864 = -o, c = 2*x - 3*o - 416. List the prime factors of x.
2, 107
Suppose 0 = -4*u - a + 4*a + 1128, 2*u - 3*a - 558 = 0. What are the prime factors of u?
3, 5, 19
Let y(w) = -w**2 + 8*w + 7. Let b = -10 - -18. Let s be y(b). List the prime factors of (28 - -1) + -9 + s.
3
Suppose -5*r + 8*r = 15. Suppose -r*g = -b + 78, -2*g - 2*g = 5*b - 245. What are the prime factors of b/5 - (-3)/(-5)?
2, 5
Suppose 5*n - 316 = 104. Let g = n + -36. List the prime factors of g.
2, 3
Let b(f) = -260*f - 622. What are the prime factors of b(-12)?
2, 1249
Let h(x) = -x**3 + 14*x**2 + 18*x - 33. Let k be h(15). Suppose -16*t + 528 = -k*t. What are the prime factors of t?
2, 3, 11
Let q(c) = -951*c + 122. What are the prime factors of q(-2)?
2, 11, 23
Suppose -p - 168 = -5*w - 864, -3*p + 4*w + 2110 = 0. List the prime factors of p.
2, 353
Suppose -3*w + 2302 = w + 2*n, 577 = w + 2*n. What are the prime factors of w?
5, 23
Let b(t) = -15*t. Let r(u) = -14*u. Suppose -2 = -4*w + 6. Let x(p) = w*b(p) - 3*r(p). List the prime factors of x(4).
2, 3
Let s(i) = -i**3 + 2*i**2 + i + 3. Let t = 10 - 14. Let j be s(t). Let w = j - 54. What are the prime factors of w?
41
Suppose 4*c - 3*a + 3 - 1 = 0, -5*c + 4*a = 3. Let w(f) = 1. Let s(z) = -16*z + 5. Let j(t) = -s(t) + 4*w(t). List the prime factors of j(c).
3, 5
Suppose 0 = -59*x + 56*x + 3309. List the prime factors of x.
1103
Suppose -4*b + 21*t - 24*t = -7884, -2*b + t + 3952 = 0. List the prime factors of b.
2, 3, 7, 47
Let o = -41 + 20. Let g = 43 + o. Suppose 3*y = 2 + g. List the prime factors of y.
2
Let r = -129 - -421. What are the prime factors of r?
2, 73
Let o(z) = 3*z**2 + 17*z + 2. Suppose 4*q = 4*s + 4, 0 = 4*q - 2*s + s - 16. What are the prime factors of o(q)?
2, 3
Suppose 17*j - 9*j - 32 = 0. Suppose -3*r + 136 = k, 0 = -5*k + j*r + 61 + 600. List the prime factors of k.
7, 19
Suppose 4*l - 1984 = -2*g, 5*l - 212 + 3188 = 3*g. List the prime factors of g.
2, 31
Suppose 4*x = -k - k + 138, -5*x - 62 = -k. Suppose -5*s = -4*l - 33 - k, 10 = -2*l. What are the prime factors of s?
2
What are the prime factors of 2/(-2 + -12*(-10)/45)?
3
Let h = -30 + 32. Suppose 237 = h*f + 3*f + 4*j, 4*j = 12. List the prime factors of f.
3, 5
Let u = -54 - -18. What are the prime factors of 6/(u/10)*-6?
2, 5
Suppose 9*p = -p + 5810. List the prime factors of p.
7, 83
Suppose -4 = i - 6. Let v(h) = 51*h + 4. What are the prime factors of v(i)?
2, 53
Let y(u) = 4*u**2 - 4. Let p be y(5). Suppose -14 = c - p. List the prime factors of c.
2, 41
Suppose -8*a + 552 = -6*a. What are the prime factors of a?
2, 3, 23
Suppose 69*i - 363 = 68*i. What are the prime factors of i?
3, 11
Suppose -a + 980 = 74. What are the prime factors of a?
2, 3, 151
Let g = -7 + 24. Let j = 17 - g. Suppose j*h + 3*h - 90 = 0. What are the prime factors of h?
2, 3, 5
Suppose -x = -5*x - 24. Let n be (x/8)/(3/12). List the prime factors of -26*n/6*1.
13
Suppose -6*x = -1 - 17. Let f(q) = 4*q**2 - 8*q + 13. List the prime factors of f(x).
5
Let f = 43 + -44. What are the prime factors of (-1 + f)/((-4)/58)?
29
List the prime factors of 5 - (6 + 30690/(-10)).
2, 13, 59
Let b = -2 + 156. List the prime factors of b.
2, 7, 11
Suppose 0 = -9*d + 3*d + 1386. Let f = 472 - d. List the prime factors of f.
241
Let m = 66 + -12. Suppose -3*n = -4*l + m, -5*n + 7 = -3. List the prime factors of l.
3, 5
Suppose -5*n - 3*m = -0*m - 10, -4 = -2*n + 4*m. Let w(b) = 3 + 39*b**3 - 2*b - n - 3*b**3. List the prime factors of w(1).
5, 7
Suppose -5*z + 4*z + 1194 = 0. List the prime factors of z.
2, 3, 199
Let k be (0 - -5) + (3 - 3). Suppose -k*u + 212 = -u. Let s = u - 20. List the prime factors of s.
3, 11
Suppose 5*s - 3444 = 361. What are the prime factors of s?
761
List the prime factors of 14734/30 - 24/180.
491
Let k(w) = -2*w - 20. Let g be 254/(-18) + 11/99. Let m be k(g). List the prime factors of (97 + m)*4/6.
2, 5, 7
Let h = -153 + 223. Let d = h + -42. What are the prime factors of d?
2, 7
Let l(y) = 2*y**2 - 15*y + 4. Let s be l(8). What are the prime factors of (616/s)/((-4)/(-6))?
7, 11
Let u be 602/126 - 2/(-9). Suppose u*n = 93 - 23. Let v = 28 - n. List the prime factors of v.
2, 7
Suppose -41 = 5*v - f - 9, -5*v - 50 = 5*f. Suppose -30 = -3*n + 6*n. Let i = v - n. What are the prime factors of i?
3
Let h(o) = 4*o**2 + 22*o - 7. Let j be h(-6). Suppose -5*g + j - 190 = -4*q, -g - 91 = -2*q. What are the prime factors of q?
3, 5
Suppose -54*b + 60*b = -312. Let l = 14 - 31. Let w = l - b. What are the prime factors of w?
5, 7
Let r(t) = 2*t - 6. Suppose 7*s = 3*s - a + 32, 2*a + 24 = 3*s. Let o(w) = -w**2 + 10*w - 8. Let m be o(s). List the prime factors of r(m).
2, 5
Let p(j) = -j**2 + j + 4. Let v be p(0). Suppose -3*c + 204 = 2*d, -v*c + c = d - 207. What are the prime factors of ((-30)/7)/((-10)/c)?
2, 3, 5
List the prime factors of ((-5)/(5/11) - -5) + 142.
2, 17
Let q(i) = i**3 - i**2 + i - 6. What are the prime factors of q(6)?
2, 3, 5
Let q = 0 + 3. Let y(a) = a**3 + 6*a**2 - 7*a + 6. List the prime factors of y(q).
2, 3, 11
Let p = 169 - -604. What are the prime factors of p?
773
Let s be (-135)/18*(-6)/9. Suppose -6*p + 3*o = -p + 84, s*o = -10. What are the prime factors of 67/3 - 12/p?
23
Suppose 127 = o - 5*x, -4*o + 103 = -3*o + 3*x. Suppose -m - o = -2*n, -n + m + 56 = -0*n. What are the prime factors of n?
2, 7
Suppose -5*l = 17 - 87. Suppose 510 = l*y - 9*y. What are the prime factors of y?
2, 3, 17
Suppose -10*j - 66 = j. Let x(r) = r**2 - 7*r - 15. What are the prime factors of x(j)?
3, 7
Let c(w) = -w**2 - 8*w - 5. Let d be c(-7). Suppose -d = 2*i - 46. Suppose -i + 3 = -j. What are the prime factors of j?
19
Let h = 498 - 303. What are the prime factors of h?
3, 5, 13
Let k = -179 - -2912. What are the prime factors of k?
3, 911
Suppose y + y = 4*g - 11186, -g - y + 2804 = 0. What are the prime factors of g?
3, 311
Let q(x) = -x**2 + 11*x + 2. Let g be q(11). Suppose 6*d - 162 = 2*d + g*s, -d + 2*s = -33. List the prime factors of d.
43
Let d(h) = 0 - 5 + 0 - 10*h. Let t(f) = -f**3 - 3*f**2 + 4*f - 3. Let x be t(-4). What are the prime factors of d(x)?
5
Let t(h) = h**3 - 2*h**2 + 2*h + 5. Let k be t(3). Suppose 2 - k = -6*x. Suppose 233 = -3*b + 8*b - x*p, b - 33 = 4*p. List the prime factors of b.
7
Suppose -2*t + 20 = -0*t. Suppose -6*o = -8 - t. What are the prime factors of o?
3
Suppose 0 = -4*l - 5*c + 11, 3*l = -0*l - 3*c + 9. Suppose l*a - 44 = -k + 2*k, 4*k + 46 = 3*a. List the prime factors of (a/1)/((-10)/(-40)).
2, 5
Let i(x) = -82*x - 21. What are the prime factors of i(-4)?
307
Let f(s) = 3*s + 24. Let x be f(11). Suppose 6*q - 3*q = -4*n - 51, -72 = 4*q + 4*n. Let p = q + x. List the prime factors of p.
2, 3
Let r(h) = -3*h**2 + h + 13. Let l be r(-5). Let i = l + 244. List the prime factors of i.
3, 59
Suppose 3*l = -i + 6386, -l - 50*i = -52*i - 2131. What are the prime factors of l?
2129
Let c(w) = 3*w**3 - 9*w**2 + 26*w - 33. What are the prime factors of c(10)?
13, 179
Let d(y) = 2*y**2 + 2*y + 16. List the prime factors of d(-7).
2, 5
Suppose -248 = w - 48. What are the prime factors of (-2)/(604/w + 3)?
2, 5
Suppose 16 = 10*o - 6*o. Suppose o*u + 0*u = -s + 504, 4*u = -4*s + 504. Suppose -3*j + u = r + 10, 2*j - r = 74. What are the prime factors of j?
2, 19
Suppose 0 = 5*b - 20, -5*g + 3996 = 9*b - 5*b. List the prime factors of g.
2, 199
Let w = -83 - -349. List the prime factors of w.
2, 7, 19
Let g(w) = -w**3 + 33*w**2 - 84*w + 3. List the prime factors of g(30).
3, 61
Let j be 1/(-2)*(-7 + 1). Suppose -1 + j = p. Let d(s) = 6*s + 2. List the prime factors of d(p).
2, 7
Suppose 10*r - 31625 = -r. List the prime factors of r.
5, 23
Let m be (-2)/(-6) - (-156)/(-36). List the prime factors of ((-330)/m)/(-3)*-2.
5, 11
Let h = 231 + 155. Suppose 0 = -11*x + h + 2045. What are the prime factors of x?
13, 17
What are the prime factors of 1/(-